 List the prime factors of q.
127
Let a be (-6 + 7)/((-1)/(-2333)). Suppose -2*j = 4*b - 653 - a, -5*j = -25. List the prime factors of b.
2, 3, 31
Let u = 16596 + 9713. List the prime factors of u.
26309
Suppose 1317458 = 512*o - 1774510. List the prime factors of o.
3, 11, 61
Let g = 215 - 219. List the prime factors of (-5 + -1)*(-6 + 478/g).
3, 251
Let u(t) = 2*t**2 - 22*t + 3. Let v be u(-7). Let j be 7 + v/(-35) + 23/7. Suppose 0*q - 4*o = j*q - 875, 295 = q + 3*o. What are the prime factors of q?
17
Suppose 4*t - 6*t + 20420 = -3*r, 3*t = -r + 30619. What are the prime factors of t?
59, 173
Suppose -270 = -4*n + k, -26*n + 2*k = -29*n + 208. Suppose n*h - 61*h = 7539. What are the prime factors of h?
3, 359
Let t(s) = 6383*s - 23. What are the prime factors of t(2)?
12743
What are the prime factors of ((-60)/42)/(-1*(-8)/(-11312))?
2, 5, 101
List the prime factors of 17887/(1274/588 - 5/3).
2, 31, 577
Let l = -59 - -149. List the prime factors of (l/(-27))/(-3*2/153).
5, 17
Let h = 810 - 452. Suppose -21*a + 10813 = -18419. Suppose 0 = 10*l - a - h. List the prime factors of l.
5, 7
Suppose 22*s - 576 = -10*s. Suppose 3*o - 1383 = -s. List the prime factors of o.
5, 7, 13
Suppose -12*l + 17*l - 24305 = 0. List the prime factors of l.
4861
Let a(z) = -97*z - 195. Let f(d) = d - 4. Let r(n) = -a(n) - 2*f(n). What are the prime factors of r(18)?
1913
Suppose -5*t = 3*m + 6, 4*m - 6 = 82*t - 84*t. List the prime factors of (-12 - -14)/(m - (-3111)/(-1038)).
2, 173
Suppose -29716 - 52639 = -65*t. What are the prime factors of t?
7, 181
Let m be (-12)/(-5)*(31/3 + -7). Suppose 712 = -6*h + m*h. What are the prime factors of h?
2, 89
Suppose 3*t - 9 = x, 3*t = -x - 0*t + 15. List the prime factors of (315/x - 7) + (-4)/(-1).
2, 3, 17
Let g(s) = s**3 - 53*s**2 - 117*s - 179. List the prime factors of g(56).
2677
Let a(m) = -5*m - 49. Let t be a(0). Let g = t + -2. What are the prime factors of ((-4)/6)/(-1) - 2924/g?
2, 29
Suppose 5*n + 8 = 23. Suppose -f = 5*a - 2810, f - 1688 = -n*a - 0*f. What are the prime factors of a?
3, 11, 17
Suppose -4*q + 3208 = 3*y, -5*q - y = -q - 3208. Suppose x - 162 = -c - 0*x, -5*c - x = -q. What are the prime factors of c?
2, 5
Let w(q) be the second derivative of -q**3/6 + 629*q**2/2 + 3*q - 22. List the prime factors of w(0).
17, 37
Suppose -l = 320 - 480. Let f = 497 - l. What are the prime factors of f?
337
List the prime factors of 1343004/180 + (-26)/(-30) + -1.
3, 829
Suppose -869*n = -829*n - 881320. What are the prime factors of n?
11, 2003
Suppose 0 = 16*l + 96, 6*u - 26946 = 2*u - l. List the prime factors of u.
2, 3, 1123
Let p(z) = 2*z**3 - 3*z**2 + 9*z - 7. Let c be p(3). Suppose 4*m + 3*k = 179, -2*k + c = m + k. List the prime factors of m.
2, 11
Suppose -3*h = -235 - 86. Let o = h - 113. List the prime factors of (2*1/o)/(4/(-516)).
43
Let p be 28 - ((-1)/3 + (-11)/(-33)). List the prime factors of 4 - (-20896)/p - 2/7.
2, 3, 5
List the prime factors of (-3748)/(-6)*((-3570)/28)/(-17).
5, 937
Suppose -4*d - 4*d + 54313 = -18367. What are the prime factors of d?
5, 23, 79
Let p be 0/(-2) - (-49)/7. Suppose 368 = p*r - 3*r. Let j = r + -24. What are the prime factors of j?
2, 17
Let r(t) = 27*t**2 - 11*t - 56. What are the prime factors of r(-18)?
2, 5, 7, 127
Let b(v) = 2980*v**2 + 109*v - 26. What are the prime factors of b(2)?
2, 757
Let m be (7/(252/(-27837)))/(3/(-4)). Let f = -393 + m. List the prime factors of f.
2, 11, 29
Let i = 27134 - 16667. What are the prime factors of i?
3, 1163
Suppose -3*d = -5*o - 2*d + 7970, 2*d = -5*o + 7955. List the prime factors of o.
3, 59
Let z = -278 + 851. Suppose f - 2*y + 0*y = z, -4*y = 3*f - 1719. List the prime factors of f.
3, 191
Suppose -3*c - 5*w = -2183 - 6710, 2*c = 4*w + 5936. What are the prime factors of c?
2, 1483
Suppose 135905 = 30*m + 54968 - 168603. What are the prime factors of m?
2, 4159
Suppose 2*o = f - 22, 4*o - 12 = -0*f - 2*f. Suppose -11*s - 12 = -f*s. Suppose -5*y - 400 = -5*k, 7*y + 164 = 2*k + s*y. What are the prime factors of k?
2, 19
Suppose -y - 809 = -2*w - 3511, 4*w = 8. List the prime factors of y.
2, 3, 11, 41
Suppose 28686 = 2*m + 154*s - 149*s, -5*s - 43029 = -3*m. What are the prime factors of m?
3, 7, 683
Let y be (122/(-2))/(-15 - -8 - -8). Let x = y - -224. What are the prime factors of x?
163
Suppose -5*f = -3*o - 10*f + 19, 2*o + f = 8. Let q(v) = 81*v + 12. What are the prime factors of q(o)?
3, 5, 17
Let w be (12/20)/((-1)/(-5)). Suppose w*x - x - 284 = 0. Suppose -2*q - q + 3*y = -105, 4*q - 5*y = x. What are the prime factors of q?
3, 11
Let c be (28/(-8))/7 + (-57)/6. Let q(o) = -41*o - 44. List the prime factors of q(c).
2, 3, 61
Let l = -12446 + 21814. What are the prime factors of l?
2, 1171
Suppose -4*j + j - q = -48738, 3*q = j - 16226. What are the prime factors of j?
2, 31, 131
Let r = 223 - 149. Suppose -80*f + 1212 = -r*f. What are the prime factors of f?
2, 101
Let q = 125 - 121. Suppose -q*b + 777 = -a, 3*a = 2*b - 4*b + 399. What are the prime factors of b?
3, 5, 13
Suppose -11*h + 4*q + 299049 = 0, -24*h + 19*h = -2*q - 135933. List the prime factors of h.
3, 13, 17, 41
Suppose -216*d = -951331 - 1262885. What are the prime factors of d?
3, 17, 67
Let t = -50486 + 79221. List the prime factors of t.
5, 7, 821
Let j be (-12)/(-3)*-2 + -4. What are the prime factors of 40/j*(-36)/30 + 614?
2, 3, 103
Let p(a) = -2*a + 9*a**2 - 6 - 10*a**2 + 17*a. Let d(q) = -5*q + 2. Let f(i) = -7*d(i) - 2*p(i). List the prime factors of f(6).
2, 5
Suppose 15*t = 207*t - 1584960. List the prime factors of t.
5, 13, 127
Let g(l) = 2463*l - 4938. List the prime factors of g(25).
3, 7, 29, 31
Let z(a) = 2*a**3 - 29*a**2 + 18*a + 10. Let b be ((-2)/4)/(3/(-36)). Let i be b/(-18) + (-2)/((-18)/129). List the prime factors of z(i).
2, 3, 11
Suppose 21*x = 16*x + 7530. Suppose -2*w + 4*q = 7*q - 1004, 3*q - x = -3*w. What are the prime factors of w?
2, 251
Let t = -1450 + 245. What are the prime factors of t/(-2)*32/40?
2, 241
Let v(j) = -27*j**3 - 7*j**2 + 7*j + 2. Let y(g) = -26*g**3 - 7*g**2 + 6*g + 1. Let q(m) = -2*v(m) + 3*y(m). List the prime factors of q(-3).
2, 11, 13
Let y = -850 - -845. What are the prime factors of (y - -3) + (5 - 1)*427?
2, 853
Let v(m) be the first derivative of -3*m**4/2 + 4*m**3/3 + 2*m**2 - 7*m + 20. Let c be v(-3). Let r = -102 + c. What are the prime factors of r?
7, 11
Suppose -4*i - 4*x = -81 - 3, 3*x = 12. Suppose -5*a - 2 = -i. Suppose 0 = -3*q - 4*p + 59, 5*q + 31 = -a*p + 111. What are the prime factors of q?
13
Suppose -17 - 10 = 9*m. Let w(r) = -25*r - 50. List the prime factors of w(m).
5
List the prime factors of -5*((-2)/7 - 89159/245).
3, 607
Suppose 4700 + 1753 = 9*g. Suppose -3*w + p + g = -p, 2*w - p = 477. What are the prime factors of w?
3, 79
Suppose 8784 = 2*o - 4*w, -3*o - 4*w + 4375 + 8851 = 0. What are the prime factors of o?
2, 31, 71
Let u = 17199 - 1978. What are the prime factors of u?
31, 491
Let q(x) = 10*x - 234. Let z be q(23). Let g(w) be the first derivative of 10*w**3/3 + w**2/2 - 10*w + 4. List the prime factors of g(z).
2, 73
Let y(k) be the first derivative of -k**4/4 - 2*k**3 - 23*k**2/2 + 3*k + 5. What are the prime factors of y(-11)?
3, 7, 41
Suppose 0 = 4*g + 4886 - 17246. List the prime factors of g.
2, 3, 5, 103
Suppose 0 = -2*w + 2*p + 12, 2*w - 5*p - 16 = 4*w. Let f(k) = k**3 - 8*k + 6. Let i be f(0). List the prime factors of 3/(i/62)*w.
2, 31
Suppose 28*b - 12582 = b. Let v = -143 + b. List the prime factors of v.
17, 19
Let q(k) = -356*k + 88. Let w be q(-14). Suppose 3*z - w = -13*z. What are the prime factors of z?
317
List the prime factors of -2 + 143/55 + 12810/25.
3, 19
Let v be (-5 - 2658/(-39)) + (-4)/26. Suppose -195 = 5*q - 4*s, -q + s = 5*s + v. Let b = q - -77. List the prime factors of b.
2, 17
Let p(g) = g**2 + 22*g + 33. Let q be p(-14). Suppose -2*a - 31 = -29. Let r = a - q. List the prime factors of r.
2, 3, 13
Let l(m) = -4*m + 8. Let j be (-2)/5 + (-126)/35. Let n be l(j). Suppose -26*o = -n*o - 76. What are the prime factors of o?
2, 19
Let r(h) = -600*h - 804*h + 1254*h - 2. List the prime factors of r(-1).
2, 37
Let d = 1930 - 1922. Let g(r) = 5*r**3 - 3*r**2 - 8*r - 4. Let p(v) = -4*v**3 + 4*v**2 + 9*v + 3. L